osite?
False
Suppose 23 + 97 = 5*h. Suppose -24 = -5*s - 299. Let a = h - s. Is a a composite number?
False
Let q(r) = r**2 - 3*r. Let v be q(5). Let b(f) be the first derivative of 2*f**3/3 + 9*f**2/2 - 3*f + 5. Is b(v) prime?
False
Let b be 0/((2 - 1)*-2). Suppose 0 = y - b*y + 215. Let o = 2 - y. Is o a prime number?
False
Let t = 910 - 601. Suppose 2*m - z - t = 0, 2*z + z = -2*m + 329. Is m prime?
True
Let j be ((-48)/(-40))/(4/(-1410)). Suppose 0 = -3*d - 3*x - 819, d = -d - 5*x - 543. Let c = d - j. Is c a composite number?
False
Suppose -4*l = -3*k + 33853, 3*k = -4*l - 17377 + 51198. Is k composite?
False
Let a(s) be the second derivative of s**5/10 - s**4/3 - s**2/2 + 5*s. Suppose -g - 27 = -4*g + 4*f, 4*f + 12 = 0. Is a(g) a composite number?
False
Let h(u) = -394*u + 3. Let q(i) = 790*i - 7. Let t(y) = -5*h(y) - 2*q(y). Let o(w) = -w**3 - w + 1. Let c be o(0). Is t(c) prime?
True
Let q(u) be the first derivative of 83*u**5/120 - u**4/24 - 5*u**3/3 - 3. Let a(t) be the third derivative of q(t). Is a(4) a prime number?
True
Suppose 4*p = 5*s - 206851, 3*s + 9*p = 13*p + 124109. Is s a prime number?
False
Let f = 14 + -9. Suppose -q + 3 = -b, f*b + 8 = -3*q + 33. Suppose -3*c + k + 97 = -b*c, -2*k = 2*c - 194. Is c composite?
False
Let p be -2 + -10*14/(-35). Let x(m) = -2*m**3 + 5*m**2 + 3*m + 8. Let d be x(-6). Suppose -p*z + 3*g = -d, -8 = 2*g - 0*g. Is z a composite number?
True
Is (2 + 18527/(-5))/((-1)/5) a prime number?
True
Let s(a) = -9*a**2 - 2*a + 2. Let b be s(2). Let o = b + 90. Suppose 0 = 5*i - 103 - o. Is i a prime number?
True
Let d = -84 - -87. Suppose -3*m + d*a = -1668, m = -2*m + 5*a + 1666. Is m a prime number?
True
Let t(l) = 12*l**3 - 24*l**2 + 33*l + 20. Is t(9) a prime number?
True
Let i(f) = 5*f**3 - 11*f - 8. Let p(x) = 10*x**3 + x**2 - 22*x - 16. Let z(q) = -7*i(q) + 3*p(q). Is z(-7) prime?
False
Suppose -3*f = -15 - 12. Let r(q) = 0 + 16*q**2 + 21*q + 1 - 17*q**2 + 2. Is r(f) a prime number?
False
Suppose -2*n = -5 + 3. Let q be n/4 + 5/(-20). Suppose -23 = 2*m + 2*r - 151, q = 2*m + 4*r - 126. Is m prime?
False
Let b(f) = 4*f**2 - f. Let y be b(1). Suppose -5*q + y*o = 7*o - 386, -3*o = q - 75. Let w = q + -47. Is w prime?
True
Let n(x) = -8*x**3 - 3*x**2 + 7*x - 2. Let s be n(-6). Let u = 815 - s. Let i = u + 3120. Is i a composite number?
True
Suppose -5*u + 0 = -15. Suppose -u*n - n - 3*z = -1924, -n + 481 = z. Is n a prime number?
False
Suppose -3*l = l - 68. Suppose l*p - 1434 = 15*p. Is p a prime number?
False
Suppose 0 = w + w - 3*l - 7663, 2*w - 7664 = 2*l. Is w composite?
False
Suppose 4*h - 4500 = -3*c + 4825, -12400 = -4*c + 3*h. Is c a prime number?
False
Let v be (-3)/7 + 27/63. Suppose g + v = -2*c + 1, -2*g = -3*c - 9. Is 219 + (1 - (g - 6)) prime?
True
Let z = 55094 - 32203. Is z prime?
False
Let h(u) = u - 4. Let d be h(7). Let o(g) = 2*g + 1. Let j be o(d). Is 716/2 - (-4 + j) a prime number?
False
Let w = 47 + 777. Suppose 2*k - 4134 + w = 0. Is k prime?
False
Suppose 0 = -5*k + 11*v - 7*v + 280818, 0 = -2*k - 5*v + 112314. Is k prime?
False
Suppose 4*w - 1702 - 1574 = 0. Let k be (-6)/2 - (-33 - (2 - 5)). Is w/k - (-4)/6 a composite number?
False
Suppose -5*p - 3*w = -0*w - 3116, -4*p + 2515 = -5*w. Suppose -p = -g + q + q, -1242 = -2*g - 4*q. Is g composite?
True
Is (-3)/9 - 1/((-12)/126280) composite?
True
Let f(r) = 16*r**2 + 12*r**2 - 26*r**2 - 33 + 2*r - 8*r. Is f(-20) composite?
False
Suppose -74*a = -147*a + 8339009. Is a prime?
False
Let v(h) = h**2 + 4*h + 11. Let z = -17 + 37. Is v(z) prime?
True
Let x(s) = -s**3 + 14*s**2 - 7*s + 12. Let l be x(11). Let f = l + -96. Suppose -2*i + f = 2*c, 2*i - 210 = -2*c - 2*i. Is c composite?
False
Let i(n) = n**3 + 28*n**2 - 55*n - 3. Is i(-16) composite?
True
Is (-19 + 14)*27204/(-30) a composite number?
True
Suppose -a = 6*a. Suppose -3*r - p + 2357 = 303, a = 4*p - 20. Is r prime?
True
Suppose 0 = 5*d + 4*q - 55087, -17*d - 55063 = -22*d + 4*q. Is d a composite number?
True
Let p be -3 + 4 + 10/(-2) + 2. Is 17*(-290)/(-15) + p/(-6) a composite number?
True
Let y(x) = -7*x + 18. Is y(-13) a prime number?
True
Let f(r) = -2 - 302*r - 2 + 4 + 1. Is f(-5) composite?
False
Let f = -180 + 475. Let h = 518 - f. Is h composite?
False
Suppose 2 = p - 0*p. Suppose 117*h + 100 = 142*h. Suppose h*t = p*t + 422. Is t composite?
False
Suppose 2*s - 3*i + 13 = 56, -5*s = -3*i - 103. Is -1228*(55/s + -3) prime?
True
Let r(h) = h + 6. Let z be r(3). Suppose 0 = 3*b - 3 - z. Is b composite?
True
Let c(t) = 848*t - 553. Is c(7) a prime number?
False
Suppose 5*o + 190 = -3*b + 5*b, 356 = 4*b - 4*o. Suppose 248 = v + b. Is v a prime number?
True
Let w(k) = k**3 - 3*k**2 + k + 2. Let u be w(2). Suppose -3*a + 249 = -a - n, u = -5*n + 5. Suppose -4*x + 7 + a = 0. Is x a composite number?
True
Let k(s) = 11*s**2 - 1. Suppose 4*n - 3*o = -o + 14, 2 = -3*n - o. Let h be k(n). Let r(u) = u**2 + 11. Is r(h) a prime number?
False
Suppose h = -3*h - 32. Let i be 40/6*(-1116)/h. Suppose 5*a - i = 3*x + 1133, x = 4*a - 1656. Is a prime?
False
Let h be 2 + 0 + 687 + -4. Let y = h - 296. Suppose 3*n = 4*g + y, 4*g = 2*n + 2*g - 260. Is n prime?
True
Suppose -9*n + 20085 = -6078. Suppose 3*i - n = 6*t - 3*t, 3*i - t - 2917 = 0. Is i prime?
False
Suppose -532 = -3*n + 2*g, 4*g = n - 4*n + 556. Let m = 307 - n. Is m a composite number?
False
Suppose -5*i - s + 1079 = 0, -2*i + 2*s = -4*i + 430. Suppose -2 = 4*y - 422. Let r = i - y. Is r prime?
False
Let c(v) = 103*v. Let g be -2*(15/10)/(-3). Let n(j) = 1. Let l(a) = g*c(a) - 4*n(a). Is l(3) a prime number?
False
Let t(s) = s**3 - 3*s**2 - 9*s + 13. Let r be t(9). Suppose -3*n = 4*i - 2824, 3*n = i - 1139 + r. Is i composite?
False
Let j(a) be the third derivative of -5*a**4/24 - 5*a**3/3 - 2*a**2. Let t be j(-6). Is (-30)/t - 137/(-2) a prime number?
True
Let m be (-1)/((-3)/9) - 3. Suppose 5*y - 501 - 454 = m. Is y prime?
True
Is ((-3)/18)/((-15)/3172590) composite?
False
Let b(f) = -4*f**3 + 27*f**2 - 9*f - 12. Let k(u) = -u**3 + 7*u**2 - 2*u - 3. Let j(a) = -2*b(a) + 9*k(a). Let g be j(9). Is 135 + 4/2 + g a prime number?
False
Let j(z) = z**3 - z**2 - 11*z - 5. Let q be j(4). Is (4 - -477) + 2*q a composite number?
False
Let w = 169 - 171. Let y = -3 + 1. Is (-76)/y*(-1)/w composite?
False
Let z(s) be the third derivative of s**7/180 + s**6/240 - s**5/30 + 7*s**4/24 + 11*s**2. Let l(x) be the second derivative of z(x). Is l(-3) a prime number?
True
Is (24/40)/((-18)/(-516930)) prime?
True
Let z(h) be the third derivative of -5*h**4/12 + 3*h**3/2 + 6*h**2. Let r = -12 - -6. Is z(r) prime?
False
Let n = -11 + 15. Suppose 3*r = -3*s + 297, -4*s + 380 = -0*s - n*r. Is s a prime number?
True
Suppose -3*n - 43440 + 122089 = 4*m, -n = -3*m - 26225. Is n composite?
True
Let d(w) = w**2 + 2*w - 3. Let j be d(-2). Is 298/(6/((-9)/j)) a prime number?
True
Let g(c) be the second derivative of 65*c**3/3 - 21*c**2/2 - 16*c. Is g(5) a composite number?
True
Let n = -4 + 1. Let f be 0/((-1)/n*3). Suppose -4*a + 148 = -f*a. Is a a composite number?
False
Let h be ((-14835)/(-25) - (-4)/(-10)) + 1. Suppose -4*j + h + 610 = 0. Is j a prime number?
False
Let s be (39075/6)/1 - (-3)/(-6). Suppose s = 6*g + 686. Is g composite?
False
Let c(k) = 89*k**2 + 4 - 5 + 248*k**2 - k. Is c(2) composite?
True
Suppose 2*l + 11 = -f, 0 = -f - 2*f - 5*l - 32. Is 3/f*-20523*1 composite?
False
Let u(d) = d**3 + 19*d**2 + 21*d + 23. Let z be u(-16). Let k = -298 + z. Is k composite?
False
Let i be (-6)/(-2) + (0 - 17). Let b(f) = f**3 + 13*f**2 - 14*f. Let w be b(i). Suppose w*p - 3*p + 523 = 4*m, 229 = 2*m - 5*p. Is m composite?
False
Let k = 73 - 77. Is (3714/k)/(-3) + 1/(-2) a composite number?
True
Let n(v) = 2*v**3 + 2*v**2 + 3*v - 13. Let j = 35 - 25. Let k be n(j). Suppose 1 = -a - 0, -5*l = -2*a - k. Is l a composite number?
False
Suppose 5*w - 20 = 0, -26*t - 3*w = -23*t - 11061. Is t a composite number?
True
Suppose -15 = 2*l + 9. Is (4164/l)/((-1)/2) a prime number?
False
Let s = 2699 + -1809. Suppose 19*n - 14*n = s. Is n prime?
False
Suppose -5*j = 2*u - 27, -2*j + 10 = -2*u + 2. Is u - (2 - 4480/5) a composite number?
True
Suppose 4*z - 44656 = 4*g, 24*g = 19*g - 25. Is z prime?
True
Let s(z) = 16*z**2 - z + 1. Suppose -5*n - 5*x + 